Let v(s) = -9*s**3 + 1. Is v(w) a prime number?
False
Suppose 110 - 547 = -w. Is w a prime number?
False
Let k(n) = -2*n + 5. Let m(q) = 6*q - 15. Let c(b) = 8*k(b) + 3*m(b). Let r be c(4). Suppose -r*t + 191 = -2*t. Is t prime?
True
Suppose -5*m = l + 4*l - 815, -175 = -l + 3*m. Let q = 342 + 15. Let u = q - l. Is u a prime number?
True
Suppose -5*k + 3*o + 4392 = 0, 0 = -0*k + 2*k + 3*o - 1761. Is k a composite number?
True
Suppose 2*y + 34 - 14 = 0. Let z(l) = -18*l + 11. Is z(y) prime?
True
Suppose -2*r - 27 = 5*u + 280, 4*u = -5*r - 232. Let p(c) = -4*c**3 + 3*c - 1. Let a be p(3). Let q = u - a. Is q a composite number?
False
Let v be 0/(-1 - -2) + -2. Is 33 + v + 0 + 2 a prime number?
False
Is (1/3)/((-16)/(-5808)) prime?
False
Suppose 0 = 3*r + 3*v, -5*r + v + 16 = 2*v. Suppose 0 = -2*j + 8, -j + 182 = 5*g - 487. Is g/r + (-1)/4 a composite number?
True
Let s = 1123 + 176. Is s composite?
True
Suppose -2*x + 0*x + 4 = 0. Suppose 383 = o + 4*h, -3*h + h = x*o - 748. Let t = o + -244. Is t prime?
True
Let s = -8 - -5. Let q(f) = 5*f**2 + 4*f + 4. Is q(s) composite?
False
Suppose -6*r = 2*i - r - 707, -1028 = -3*i - r. Is i prime?
False
Let x(h) be the second derivative of -5*h**3/6 + h**2 + 6*h. Is x(-7) a prime number?
True
Suppose 2*q - 268 = -2*q. Let w = q + -24. Is w a composite number?
False
Let h = -352 - -622. Suppose -n = -h - 597. Suppose -243 = 4*p - 5*w - n, 0 = -3*w + 12. Is p a prime number?
False
Let p(o) = -o + 3. Let d = 13 - 20. Is p(d) composite?
True
Is (-2103)/(-9) + 2/(-3) prime?
True
Is ((-12)/9)/((-2)/213) prime?
False
Suppose 4*l = a + 3*l, -15 = 5*l. Let k = a - -6. Is k a prime number?
True
Let o(a) = -29*a - 3. Let x be o(-3). Suppose 4*s - 4 = x. Is s composite?
True
Let k(w) = -1242*w + 1. Is k(-1) a composite number?
True
Suppose 0 = 2*o + o - 777. Is o prime?
False
Suppose 0 = 3*j + 5*n + 108 + 67, n = -2. Is (2 - 2) + j/(-1) a prime number?
False
Let h(l) = 485*l + 2. Is h(1) a prime number?
True
Suppose -5*w - 4*u + 5*u = -7320, 0 = -w - 4*u + 1485. Is w composite?
True
Let c = 29 - 16. Suppose 14*q + c = 15*q. Is q a prime number?
True
Suppose -3*f - 5*p - 575 = -6*f, 567 = 3*f - 3*p. Is f prime?
False
Let q = 12 + -12. Suppose q = -4*g + 303 - 35. Is g composite?
False
Let q = 430 + 259. Is q composite?
True
Let s = 19 + -4. Is (12/s)/(6/75) a composite number?
True
Let f(x) = -x**3 - 6*x**2 + 7*x + 3. Is f(-7) a prime number?
True
Suppose -3*i + 15 = z - 0*i, -3*z - 4*i + 20 = 0. Suppose z = -2*w - 3*w. Suppose 4*l - 231 + 83 = w. Is l a composite number?
False
Let z = -331 + 532. Is z a composite number?
True
Let q(g) = g**3 - 2*g**2 - 5*g + 4. Suppose 0 = -5*k - 2*m + 25, 3*k + 4 = 6*k - m. Let v be q(k). Is v/5*(-3 - 32) composite?
True
Let j(l) = l**3 + 9*l**2 - 9*l + 8. Let q be j(-10). Is (-99)/q + (-2)/4 composite?
True
Let x be -5 + (4 - 1) - -9. Suppose x*i - 2*i = 15. Suppose -27 = -i*m - 4*p, 4*p = -2*m + 5*m - 51. Is m prime?
True
Suppose -4*j - 2*p + 16 = -10, -5*j + 37 = 4*p. Suppose 0 = 4*g + j*m - 2*m - 454, 0 = g + m - 113. Is g prime?
False
Let j(w) = -7*w**2 + 4*w - 1. Let q(o) = -3*o + 15*o - 1 - o**2 - 11*o. Let d(v) = -j(v) + 6*q(v). Is d(4) a prime number?
True
Let p = 9 - 5. Suppose v + p*v - 235 = 0. Is 1*v*(-2 + 3) composite?
False
Suppose -12325 = -5*l - 5*p + 5205, -3*l + 2*p = -10528. Suppose 2*h - 3*c = 1754, -4*h - 2*c = -0*c - l. Is h composite?
False
Let p(v) = v + 18. Let z be p(-13). Suppose 1001 = 4*w + 8*u - 3*u, 5*u = z. Is w a prime number?
False
Let d(t) = -545*t**3 - 2*t - 2. Is d(-1) a composite number?
True
Let g(b) be the second derivative of 155*b**4/12 + b. Is g(1) prime?
False
Is 407 + 3 + -4 + 1 a composite number?
True
Suppose -3*k + 5 = 5*y - 8*k, 9 = 5*y - 3*k. Suppose 377 = 2*z - y*m, 5*z - 4*m = 115 + 824. Is z a composite number?
True
Suppose 2*i - 2*n - 218 = 0, -3*n + 224 = 2*i + n. Let h = i + -76. Is h a prime number?
False
Suppose -5*q = -q. Suppose -2*r - 434 = -2*c - 6*r, 4*c + 4*r - 852 = q. Is c a composite number?
True
Let q = 82 + -29. Suppose 662 - q = 3*w. Is w prime?
False
Suppose h - f = 445, 8*h - 4*h - 5*f = 1776. Is h a prime number?
True
Let i(u) = -13*u - 9. Let w(j) = 2*j + 10. Let a be w(-8). Is i(a) a prime number?
False
Let o(n) = 94*n + 83. Is o(17) a prime number?
False
Let j(s) = -s**3 + 8*s**2 + 10*s + 1. Let t(i) = 3*i**3 + 7*i + 2 + 0*i**3 + 4*i + 8*i**2 - 4*i**3. Let f(b) = -3*j(b) + 2*t(b). Is f(9) a composite number?
True
Let y(j) = 27*j**2 - 6*j - 2. Is y(3) a composite number?
False
Suppose -5*g + 8 = 5*u + 28, -g = 2*u + 3. Is u/(-2)*(-517 + -1) prime?
False
Let z be 16/(-6)*(-261)/6. Let l(q) = -q**3 - 11*q**2 - 10*q + 4. Let i be l(-10). Suppose -i*b + 6*b - z = 0. Is b prime?
False
Suppose 5*p = -5*b + 530, -p = 4*p + 3*b - 536. Is p a composite number?
False
Let z(m) = 20*m - 11. Suppose -20 = -3*v - 4*l, -2*l + 25 = 4*v - 5. Is z(v) composite?
False
Let x = 2496 - 59. Is x prime?
True
Suppose -q + 4 + 19 = 5*i, -2*i - 4 = -4*q. Let r(t) = 41*t**2 + t - 1. Let z be r(2). Suppose 190 = q*k + 5*a, 2*k - 2*a - z = -65. Is k a composite number?
True
Suppose -6*g + 9356 = 1382. Is g prime?
False
Suppose 3*s - 546 - 15 = 0. Is s a composite number?
True
Let u = 631 - 266. Is u composite?
True
Let o be 1*(1 - (2 + -3)). Suppose -s + 4*b - 20 = 0, -4*s - 13 = -3*b + 2. Suppose -5*h = o*t + 13, s = -t - 4*h - 14. Is t a prime number?
False
Suppose -18 - 367 = -7*c. Is c a prime number?
False
Let t be 6*((-9)/(-6))/3. Suppose -196 = -a - t*a. Is a a composite number?
True
Suppose -4*p + s = -4218, 0 = -0*p + 5*p - 5*s - 5265. Is p a prime number?
False
Let k = -167 - -252. Is (k + 1 + 0)*1 a composite number?
True
Suppose -4*t + 2*t = -14. Let b = t + -24. Let l = 2 - b. Is l a composite number?
False
Let z(f) = 0*f**2 - f**3 + 4*f**2 + 5 + 2*f + 3*f**2. Suppose -3*l - 9 = 3*k - 27, 0 = 5*l - k - 30. Is z(l) prime?
True
Suppose p + 495 = 4*p. Suppose -160 = -5*f + 2*b + b, 2*b = 5*f - p. Let c = -10 + f. Is c composite?
True
Suppose 2*x = -2*x + 60. Let t = 0 + x. Suppose 0*m = m - t. Is m composite?
True
Suppose -2*x = -4*l + 6, 3*l - 6 - 18 = -5*x. Suppose -5*a = -x*a - 14. Is a composite?
False
Let y = 7 - 5. Suppose 0 = y*m + 3*s + s - 36, 3*m - 50 = -4*s. Is m/(-3 + 35/11) prime?
False
Let x(t) be the second derivative of -t**7/840 + t**6/60 - t**4/6 + t**3/6 + t. Let k(q) be the second derivative of x(q). Is k(5) a composite number?
True
Let x = 585 + -380. Suppose 4*p + 17 = 4*m + 5, 6 = 2*m + 5*p. Suppose -5*t - m*a = -2*t - 126, -5*t - 4*a = -x. Is t a composite number?
False
Let s be 1/(-1) - 3 - -3. Is (-446)/8*(s - 3) a composite number?
False
Suppose -3*v + 2*l = -275, -2*v + 6*v + l - 363 = 0. Let y = 32 - -28. Let i = v - y. Is i prime?
True
Suppose -4*n - 15 = n. Is 1/n - 201/(-9) composite?
True
Let l be -218 - (-1 + (-1 - -4)). Let y = -79 - l. Is y composite?
True
Suppose -3*g - 9 = -b - 2*b, -b - 3 = -4*g. Suppose -35 = -b*q - 0. Suppose z - 30 = q. Is z prime?
True
Let w(p) = 72*p + 41. Is w(9) prime?
False
Suppose -2*f = -0*f. Suppose -335 = -3*x - 5*d + 235, -5*d + 15 = f. Is x prime?
False
Suppose 0 = 4*p - 517 + 17. Suppose 4*w - p - 31 = 0. Is w prime?
False
Let b be ((-108)/16)/(1/(-4)). Suppose -g + 5*c + b = -3, 2*g + c = 5. Suppose -5*q = -10 - g. Is q a prime number?
True
Is (-4)/10 + 1056/40 a prime number?
False
Let g(c) = -c**2 + 11*c - 2. Let z be g(11). Is z + 3 + 2 + 46 composite?
True
Suppose 0 = i + 1 - 6. Suppose -i*j + 811 = -4. Is j composite?
False
Let q(f) = 13*f**3 - 3*f**2 + 5*f - 4. Is q(3) a composite number?
True
Let j = -113 - -60. Let u = 108 + j. Is u composite?
True
Suppose -3*w + 2089 = 5*d, 2*d - 411 = d - 4*w. Is d prime?
True
Let n(h) be the third derivative of h**6/120 - 2*h**5/15 - 5*h**4/24 + h**3/6 - h**2. Suppose -45 = 3*f - 8*f. Is n(f) a prime number?
True
Suppose p = -2*p + 3. Let l be (0 - (1 + p)) + -108. Let h = -45 - l. Is h a prime number?
False
Suppose 0 = 7*c + 11*c - 6030. Is c composite?
True
Suppose 5*m = 4*u + 12, -4*m + 2*u + 5 + 1 = 0. Let d be (m - 0 - 2) + 4. Is d/(-3) - 23/(-3) a composite number?
False
Let j(t) = 30*t + 79. Is j(13) a prime number?
False
Let i(j) = j. Let g be i(0). Suppose g = l - 2*l + 181. Suppose -5*a - 4*n + 0*n